
1
Let r(p) = -34*p + 370. Let j = -4875 + 4886. Give r(j).
-4
Let p(c) = c - 3. Let w = -65 - -108. Suppose -2*v = -3*s + 163, w = s - v + 6*v. Let o = 62 - s. Give p(o).
6
Let y = -24749 - -24761. Let f(o) = -o**3 + 11*o**2 + 12*o - 3. Calculate f(y).
-3
Let r(v) be the second derivative of v**3/3 + 3*v**2 - 1407*v. Let l = -12 + 17. Suppose -3*d - 3 + 13 = l*a, -5*d + 28 = -3*a. What is r(d)?
16
Let r(g) = -g**3 - g**2 + 20*g - 2. Let t be r(-5). Let p(n) be the first derivative of 3*n + 1/4*n**4 + 1/3*n**3 + 3/2*n**2 + 11. Determine p(t).
-7
Let s(c) = -c**2 + 11*c + 28. Let j = 7694 - 7681. Give s(j).
2
Let n(y) = -2*y + 1. Let i be n(-3). Let c(p) be the second derivative of -7/6*p**3 - 4*p**2 + 1/12*p**4 + 43*p + 0. What is c(i)?
-8
Suppose -c - 6 = -7*f + 5*f, 3*f = -5*c - 17. Let y(k) = 1 + 0 + 4 + 2 - f + k. Determine y(-5).
1
Let r(j) = -3*j - 3*j + 7*j + 1. Let h(k) = 2*k**3 - 7*k**2 - 463*k + 57. Let f be h(17). Give r(f).
-10
Suppose 5*d - 23 = -2*s, -d + 8 = -4*s + 21. Let y(i) = i**3 - 5*i - 1. Give y(s).
43
Let l = -43 - -95. Let p = 58 - l. Let r(y) be the third derivative of y**6/120 - 7*y**5/60 + 7*y**4/24 - 2*y**3/3 + 16*y**2. What is r(p)?
2
Let n(f) be the second derivative of -9/2*f**2 - 2 + 0*f**3 - 1/12*f**4 + 10*f. Calculate n(0).
-9
Let h(l) = 3*l + 62. Let k(c) = -c**3 - 31*c**2 - 183*c + 16. Let q be k(-23). Give h(q).
41
Let l(a) be the third derivative of a**6/120 - 7*a**5/20 + 11*a**4/8 + 44*a**3/3 + a**2 - 2328*a - 1. Determine l(19).
-7
Let z be (-23)/(-23) - (3 + 6). Let s(r) = -r. What is s(z)?
8
Let t(h) be the first derivative of h**3/6 + 7*h**2 - 8*h + 145. Let w(j) be the first derivative of t(j). Give w(-16).
-2
Let u(q) = -6*q**2 + 7*q + 6. Let r = -10543 - -10545. Calculate u(r).
-4
Suppose -23*n + 2*f + 58 = -18*n, 0 = -2*n - 5*f. Let p(v) = -v**2 + 93. Give p(n).
-7
Let f(b) = -b**3 - 13*b**2 - 13*b - 16. Let x(g) = -3 - 1 - 7*g**2 + 8*g**2 + 12*g + 3. Let s be x(-11). Give f(s).
-4
Let m(p) = -p + 7. Let t(c) = -3*c**3 + 3*c**2 - 29*c - 30. Let f be t(-1). Determine m(f).
2
Let k be 12*((-55)/10 + (-7 - -12)). Let m(x) = -x**3 + 4 - 6*x**2 - 6*x - 4 + 1 + 5*x. Give m(k).
7
Let d(o) = o**2 + o - 15. Let z = 457 - 461. Let c be d(z). Let x(s) = s. Let g(n) = n**2 - 3*n. Let a(y) = g(y) + 4*x(y). Determine a(c).
6
Suppose -8*j = 35 + 69. Let b be (-587)/j - (-2)/(-13). Let t = 48 - b. Let v(c) = -2*c**2 + 2*c + 3. Calculate v(t).
-9
Let x(o) = -2*o**2 - 7*o - 11. Suppose g + 3*n + 1 = 0, -138*n + 135*n + 27 = -3*g. Calculate x(g).
-60
Let p(u) = 20*u**2 - u + 3. Let x(j) = 5*j**2 - j - 2. Let f(t) = p(t) - 3*x(t). Calculate f(-3).
48
Let b(k) = k**3 - 17*k**2 - 3*k + 22. Let j be 35 + -8 + -11 + 14 + -13. Determine b(j).
-29
Let b(l) = -2*l**3 - 11*l**2 - 11*l - 19. Let j be b(-5). Let x(v) = 101 + j*v - 104 - v. Calculate x(2).
17
Let h(k) be the third derivative of -1/24*k**4 + 0*k + 1/60*k**5 + 0 - 33*k**2 - 1/6*k**3 + 3/40*k**6. Suppose 3*t - 2*w = -9, t + 3 + 13 = 5*w. What is h(t)?
-8
Let d(r) = -2*r**3 - 6*r**2 + 3*r + 28. Suppose -9*z = -4*z, -36 = 8*l + 3*z - 4. Give d(l).
48
Let j(c) be the second derivative of -2*c**2 - 5/6*c**3 - 12*c - 1/12*c**4 + 0. Suppose 21*a = 12*a - 27. Calculate j(a).
2
Let q(n) = 69*n**2 + 5*n - 23. Let p(x) = 22*x**2 - 1. Let t(o) = -3*p(o) + q(o). Determine t(-6).
58
Let g(u) = -5*u + 5. Let v be ((-10)/(2*-1))/((-38)/(-266)). Let p be 4/2*105/v. Give g(p).
-25
Let o(a) = 26*a - 13. Let u(j) = 76*j - 35. Let w(z) = -11*o(z) + 4*u(z). What is w(2)?
39
Let j(n) = 12*n + 33. Suppose 1109*q + 1230 = 1355*q. Give j(q).
93
Let y(f) = 5. Let d(w) = -w - 10. Let l(b) = -2*d(b) - 5*y(b). Let p = 104 - 110. Let r be (-45)/p*2/(-3). Calculate l(r).
-15
Let a(v) = -v**3 - 27*v**2 - 29*v - 84. Suppose -87 - 251 = 13*h. Let k be a(h). Let q(d) = d + 6. Give q(k).
0
Let f(s) be the first derivative of s**4/2 + 11*s**3/3 - 5*s**2 - 14*s - 3017. What is f(-5)?
61
Let z(p) be the first derivative of 2*p**3/3 + 3*p**2 + 3*p - 12. Suppose -4*d - 3*n - 25 = 0, -4*n - 14 = -2. What is z(d)?
11
Let u(l) = -10*l - 11. Let g = -199 - -193. Let v be (4/2)/4*26. Let c(f) = -5*f - 5. Let b(q) = g*u(q) + v*c(q). Give b(1).
-4
Let w(i) be the second derivative of -17*i**3/3 + 16*i**2 - 22*i + 26. Calculate w(1).
-2
Let x(n) = n**3 + 7*n**2 + 7*n + 1. Let r be x(-6). Let l(a) be the third derivative of 0*a - 1/8*a**4 + 0 + 1/6*a**3 - 93*a**2. Give l(r).
16
Let j(x) = 4*x**2 - 4*x**3 + 2*x + 3*x**3 - x - 5. Let u be 192/14 + (-12)/(-42). Suppose u*y = 8*y + 24. Calculate j(y).
-1
Let y(q) = q**2 + q - 6. Let v(f) = 2*f**3 + 0 - 41 - f + 911*f**2 - 837*f**2. Let g be v(-37). Give y(g).
6
Let u(r) = -335 + 565 + 46 - r**2 + 11*r. What is u(23)?
0
Let d(x) = -2*x**2 - 3*x + 8. Suppose -n = -2*a + 17, 11*a + 50 = 14*a - 5*n. Calculate d(a).
-57
Suppose -22*y + 66*y - 264 = 0. Let s = 15 - 0. Suppose -y*a = z - a + s, 4*z - 2*a = 6. Let n(j) = -j + 7. Give n(z).
7
Let v = -11 - -13. Suppose -i = -v*i + 18. Let p(s) = s - 11. Let b be p(i). Let r(l) = l - 11. Give r(b).
-4
Let q = 5 + 3. Let v(r) = 22 - 35*r**2 + 58*r**2 - 31*r**2 - 25 + r**3. What is v(q)?
-3
Let k(a) = -14*a**2 + 308*a + 3. Let p(o) = -o**3 + 22*o**2 - 110*o - 69. Let y be p(13). Give k(y).
3
Let r(v) = v + 4. Let y = 9149 + -9156. Calculate r(y).
-3
Let z(t) = 3*t**2 + 5*t + 6. Suppose -18*k - 168 = 38*k - 0. What is z(k)?
18
Let f(h) be the first derivative of -63 - 9*h + 1/2*h**2. What is f(-7)?
-16
Let u(k) be the second derivative of 0 + 44*k - 1/2*k**2 - 1/6*k**3. Give u(0).
-1
Let g(h) = -11*h**2 + h + 12*h**2 - h - 13*h**3. Suppose -7 = 3*z + 4*m, 3*z - 2*m = z. Let j be (-1*2 - z)/(-6 - -5). Determine g(j).
-12
Let v(u) = 16*u + 232. Let j(w) = -8*w - 111. Let l(r) = 7*j(r) + 3*v(r). What is l(-11)?
7
Let p(m) = 0*m + 4*m**2 + 4*m + 0*m - m**3 + 11. Let w = -15287 + 15292. Give p(w).
6
Let c(k) = -5*k - 85. Let n be c(-17). Let r(a) be the third derivative of -a**4/24 + 3*a**3/2 - 140*a**2. Give r(n).
9
Let q be (5 + 26/(-5))*-10. Suppose i - 5*u - 1 = 0, q*i + 0*i = 2*u + 10. Let l(t) = -6*t + 2*t + 3*t. Give l(i).
-6
Let g(j) = j - 12. Let q be (-102)/(-4) - ((-63)/14 - -6). Suppose y - q*a = -27*a + 6, 3*y = -4*a + 18. Calculate g(y).
-6
Let u(j) = -j**3 + 11*j**2 - 16*j + 6*j + 2*j**3 + 10. Suppose -5*a = -2*y + 26, -4*y + 6*a + 26 = 14. Give u(y).
-14
Let r(y) = -y**2 + 4*y - 6. Let h(c) = -3*c - 29. Let z = 101 - 75. Suppose 18 = -3*f - t - 4*t, f = 5*t - z. Let i be h(f). Give r(i).
-6
Let x(p) = 7*p + 25. Let d(b) = 13*b + 42. Let l(v) = 3*d(v) - 5*x(v). Let u(y) = -9*y - 143. Let a be u(-15). Determine l(a).
-31
Let b(t) = -t**2 + 51*t - 593. Let s be b(34). Let v(i) = 2*i**2 + 33*i + 13. Determine v(s).
-32
Let f(w) = 15*w - 91*w**2 + 92*w**2 + 5 - 3*w - 7*w. Let l be -9*(-1)/3 - -1. Suppose -3*q + l*q = -4. What is f(q)?
1
Let c(r) = -7*r - 40 - 26 - 23 + 39 + 2*r. Calculate c(-10).
0
Let g(h) = h - 1. Let x(b) = -8*b + 1. Let w(p) = -12*g(p) - 3*x(p). Let r be w(3). Let c be 5*(r/(-25) - -1). Let o(y) = y**3 + 3*y**2 - y + 1. Determine o(c).
-11
Let l(u) be the third derivative of 1/6*u**6 + 0*u + 171*u**2 - 1/6*u**3 - 1/60*u**5 - 1/12*u**4 + 0. Give l(-1).
-20
Let b(p) = -4*p**2 + 2*p + 1. Let f be (-104)/(-10) - (3 + 26/(-10)). Suppose -4*r - f = 6. Let s be r - (3 + -1)*-1. What is b(s)?
-19
Suppose 0 = j + 3*q + 5, -4*j - 3*q = q + 4. Let n(o) = 6313*o + 8 - 2108*o - 2104*o - 8 + 7*o**2 - 2102*o. Determine n(j).
6
Let p(d) = -10*d - 123. Suppose -487 = -5*n + 5*q - 542, -5*n + q = 59. Give p(n).
-3
Let n(p) = p**3 + 11*p**2 - 11*p + 14. Let t(v) = v**2 - 17*v + 4. Suppose 20*u - 151 - 169 = 0. Let q be t(u). Give n(q).
2
Let q(t) = 5*t + 25. Suppose -3*m = 5*y + 31, 0 = 23*y - 19*y - m + 18. Determine q(y).
0
Let p(j) = -j**3 + 4*j**2 + 62*j - 13. Let o be 128/14 - (-1122)/1309. Calculate p(o).
7
Let v = 2239 + -2236. Let a(q) = q - 4. Give a(v).
-1
Suppose -2*c - 62 = -5*r, 3*r = 7*r + 4*c - 72. Suppose -r + 8 = -3*i. Let w(v) = 10*v - 8*v - 1 + i*v. Determine w(-1).
-5
Let f(t) = -t - 12. Let p = -54 + 45. Let n be 0*(2 + 2 + p/2). What is f(n)?
-12
Suppose -51*a - 25*a = 611 + 2581. Let i(y) = y**3 + 42*y**2 + y + 40. Determine i(a).
-2
Let j be 148/(-26) - (-5076)/(-16497). Let h(d) = 3*d**2 - 7 